(0 + 101)*4260/20.
3, 71, 101
Let j be 52*(-27 + 21 + 2/8*51). Let u be 0 + -37*1*-5. Let p = j - u. What are the prime factors of p?
2, 83
What are the prime factors of 4/1*(-6274682)/(-296)?
84793
Suppose -4*l = -3*k + 70220, -43564 = -2*k - 3*l + 3238. List the prime factors of k.
2, 5851
Suppose -6*i + 8*i = -3*a + 782, 784 = 3*a + 4*i. List the prime factors of 40/a - 630*141/(-78).
17, 67
Suppose -859*k + 841*k = -600228. List the prime factors of k.
2, 16673
Suppose -80960 = -5*k + 5*z, 5*z - 207651 = -8*k - 78115. List the prime factors of k.
2, 11, 23
Suppose 5*g + 56 = -2*g. Let l(j) = -17*j + 34. Let w be l(g). Suppose 2*n + 3*n = h - 170, h + 5*n = w. What are the prime factors of h?
2, 5, 17
Let w = 6102 + -3522. Suppose -98*j = -103*j + w. List the prime factors of j.
2, 3, 43
Suppose 3*d - 11 = 5*r, -3*r = -4*d - 6*r + 34. Suppose -6*v + 26 = d*v. Suppose v*s = 8, -4*p - s + 312 = s. List the prime factors of p.
2, 19
Let m = 1565 + 4925. List the prime factors of m.
2, 5, 11, 59
List the prime factors of (35448/(-15))/(220/(-550)).
2, 7, 211
Let k(u) = 2*u**3 - 78*u**2 + 25*u + 204. List the prime factors of k(42).
2, 3, 1973
What are the prime factors of 0 + 8/2 + (-392708)/(-15 - 16)?
2, 3, 11
Let t be 0 + 11/(-33) - 10/(-3). Suppose -1504 = -4*c - 2*g - 26, 5*g = t*c - 1102. List the prime factors of c.
3, 41
Let v be (-1 + -1)/(3/(44 - 2)). Let o = v - -39. Let k(m) = m**2 - 2*m - 4. List the prime factors of k(o).
5, 19
Let b(t) = -16 - 47*t - t**2 + 21 + 51*t - t**3. Let y be b(-2). What are the prime factors of 141 - (-3)/y*(0 + -1)?
2, 3, 23
Let g(w) = 21 + 9*w**2 + 8*w**2 - 9*w**2 - 2*w**3 - 7*w. Let q be g(7). What are the prime factors of (4/14)/((-23)/q)?
2
What are the prime factors of -563*-18*99/18 - -10?
107, 521
Suppose w = -4*k - 4, -4 = -39*k + 37*k + w. Let x(d) = d**3 + 3*d**2 + 5*d + 735. List the prime factors of x(k).
3, 5, 7
Let w(o) = -4*o**3 - 18. Let y be w(-9). Suppose -c = 6*c - y. List the prime factors of c.
2, 3, 23
Let x(b) be the second derivative of -b**5/120 + 17*b**4/8 + 7*b**3/3 - 9*b. Let z(f) be the second derivative of x(f). List the prime factors of z(0).
3, 17
Suppose 4*q + 4*j - 9752 = 0, -595 = -2*q - j + 4285. List the prime factors of q.
2, 3, 11, 37
Let j be (-3)/(-7) + ((-33648)/14)/(-6). Let b = j + -254. List the prime factors of b.
3, 7
Suppose -11*j = -3*j - 11656. Suppose -j = -3*w + 5*k, 4*k + 490 = 5*w - 1947. What are the prime factors of w?
3, 163
Let o(u) = -6*u**3 + 51*u**2 + 11*u + 6. Let f(t) = t**3 - 10*t**2 - 2*t - 1. Let r(d) = 22*f(d) + 4*o(d). What are the prime factors of r(-8)?
2
Let c = -375 - -661. Suppose 2*a = -2*g + c, 11*g + 125 = 12*g - 5*a. List the prime factors of g.
2, 5, 7
Let t(n) = -3*n**3 + n**2 + 3*n + 3. Let y be (-3)/(-2)*-2*1. Let u be t(y). Suppose -u = -s + 2*w, 3*s + 113 = -5*w + 354. What are the prime factors of s?
2, 41
Let p(z) = -z + 3. Let k = -30 - -31. Let c be p(k). Suppose -c*u + 505 = 3*u. What are the prime factors of u?
101
What are the prime factors of 44/(-12) + 1500620/165?
9091
Let q(a) be the third derivative of a**6/120 - 3*a**5/20 - a**4/12 + 7*a**3/6 - 26*a**2. Let t = 72 - 62. List the prime factors of q(t).
3, 29
Let b(t) be the first derivative of 4*t**3/3 - 3*t**2/2 + 10*t + 18. Let x be b(7). Let r = x + -57. What are the prime factors of r?
2
Let a = -9 - -12. Suppose -a - 4 = k. Let m(n) = -11*n + 12. List the prime factors of m(k).
89
Let g(k) = k**2 + 4*k - 11. Let u be g(7). Let c = -6 + 9. Suppose -4*r - 4*v = -216, 2*r - c*r + 3*v = -u. What are the prime factors of r?
3, 19
Let z(i) = i**2 - 208*i + 13. What are the prime factors of z(-16)?
3, 11, 109
Let n(y) = -59*y + 71. Let k(q) = 176*q - 212. Let r(g) = -2*k(g) - 7*n(g). What are the prime factors of r(8)?
5, 83
What are the prime factors of (-1444038)/(-265) - 3/15?
5449
Suppose -2*b - 3*x = 6 - 10, -4*x + 17 = 5*b. Suppose -b*u = 4*m - 1736 - 326, 1236 = 3*u + 3*m. List the prime factors of u.
2, 3, 23
Suppose -116 - 308 = 4*n. Let i be (-1140)/(-14) - (7 - n/(-14)). Suppose 3*u + i - 26 = 4*r, -5*r = 5*u - 70. List the prime factors of r.
2, 7
Suppose 0*f + 3*f = 9. Let g be (f - 2)/(6/18). Suppose -g*p - 7*p = -700. What are the prime factors of p?
2, 5, 7
Suppose 6*g - 11*g = -h - 1426, -4*h + 3*g - 5721 = 0. Let x = h + 2387. What are the prime factors of x?
2, 239
Suppose -36716 = 295*b - 299*b + 4*l, -27525 = -3*b - 3*l. What are the prime factors of b?
3, 7, 19, 23
Suppose -4*l + 5*u = -20, 12 = 3*l - 15*u + 12*u. What are the prime factors of (l - 3)/(-3) - (-528 + -2)?
3, 59
Let x = 12203 + 2411. What are the prime factors of x?
2, 7307
Let a be 56/((29 - 21)/24). Let p(g) = -g**2 - 4*g + 5. Let n be p(-4). Suppose -a = -n*v + 682. What are the prime factors of v?
2, 5, 17
Suppose 4*w + 184 - 26 = -2*l, -3*l = -w + 251. Let z = 84 + l. What are the prime factors of (52 - z) + -5 + 8/4?
2, 3
Suppose -j = 2132 - 6831. What are the prime factors of j?
37, 127
Let f be (-1)/((-4)/10 + (-86)/(-190)). Let r = 14 - f. Let v = 83 + r. What are the prime factors of v?
2, 29
Suppose -4*q - v + 251669 = 0, 7*q + v + 5121 = 445538. List the prime factors of q.
2, 3, 7, 107
List the prime factors of (456/(-684))/((-1)/14538).
2, 2423
Suppose -4*y + 839 = h - 396, 2*h + 5*y = 2467. Suppose 4*r = 5*i - 1227, 4*i + 2*r + h = 9*i. List the prime factors of i.
13, 19
Suppose 67*k - 3*d + 68696 = 71*k, -4*d + 34358 = 2*k. What are the prime factors of k?
7, 11, 223
Let y = -297 + 300. Suppose -5*c = -4*k + 5014, -y*k = -3*c - 2214 - 1548. List the prime factors of k.
2, 157
Let z be 502/(-10) + -11 + 392/35. What are the prime factors of ((-7220)/z)/(3*(-1)/(-30))?
2, 19
Let j(i) = -i**3 + 6*i**2 + 8*i + 4. Let s be j(7). Suppose -18 - 26 = -s*v. Suppose -v*a = 3*a - 154. What are the prime factors of a?
2, 11
Suppose -o + 3008 = 31*v - 35*v, v + 4*o = -769. Let b = -344 - v. List the prime factors of b.
409
Suppose -5276*j + 1618360 = -5236*j. What are the prime factors of j?
40459
Let d = 110282 - 45270. List the prime factors of d.
2, 16253
Suppose -16*x = 68*x - 68712. List the prime factors of x.
2, 409
Let o = -177 - -180. Suppose v - 372 = -f - 3*f, -o*v + 1123 = 5*f. What are the prime factors of v?
2, 47
Let r(q) = -774*q - 1185. What are the prime factors of r(-11)?
3, 7, 349
Let h(m) be the second derivative of m**5/10 - 3*m**4/2 - m**3/2 - 9*m**2 + 48*m. List the prime factors of h(12).
2, 3, 5
Let a = -99 - -1155. Suppose 0 = 6*h - a - 138. Let s = h + -150. List the prime factors of s.
7
Let o(h) = h**3 - 10*h**2 - 11*h + 5. Let q(s) = 2*s**2 + 2*s + 1. Let g be q(-2). Suppose i = g*i - 44. List the prime factors of o(i).
5
Let z(k) = 2*k**2 + 32*k - 24. Let c be z(-17). Suppose c*a - 10 - 10 = 0. Suppose a*s - 69 = 13. What are the prime factors of s?
41
Let j = 7531 + -3849. What are the prime factors of j?
2, 7, 263
Let v(j) = -6*j - j + 6*j + j**2 - 18. Let n be v(-7). Suppose -n = -w - 15. List the prime factors of w.
23
List the prime factors of 421*10 - (5 - 0 - 1).
2, 3, 701
Let o be ((-255)/(-68))/((-6)/(-976)). List the prime factors of 2/(-3) + (-14)/(-3) + o.
2, 307
List the prime factors of -2*23943/(-18) - (-11 + (-102)/(-9)).
2, 5, 7, 19
Let u = -8890 + 14898. List the prime factors of u.
2, 751
Let t = 1599 - -10803. List the prime factors of t.
2, 3, 13, 53
Let x(p) = -p**3 - 8*p**2 - 19*p - 6. Let n be x(-7). Suppose n*w = 66*w + 648. What are the prime factors of w?
2, 3
Let z(p) = -p**3 + 23*p**2 + 11*p + 8. Let v be z(17). Suppose -f + 4*n + 46 = -336, -n = -5*f + v. List the prime factors of f.
2, 193
Let q = 689 + 813. List the prime factors of q.
2, 751
Let k = -2061 - -7206. List the prime factors of k.
3, 5, 7
Suppose -10*s - b = -6*s - 19413, 0 = -7*b - 21. List the prime factors of s.
2, 3, 809
Let f(t) = -24*t + 37. Let u be 8/3*(-10 + 7). List the prime factors of f(u).
229
Let p = -147 - -179. Suppose 39*i - p*i = 2072. List the prime factors of i.
2, 37
Let r be 4 - (-2 + (-492)/4). Let q = -129 + r. Suppose -c - 90 + 255 = q. What are the prime factors of c?
3, 5, 11
Let i(r) = 17 - 8 + 30*r**3 - 6*r**3 - 2*r - 12. Let o be i(-3). What are the prime factors of 1/(3 + -1 - (-1287)/o)?
5, 43
Let g(p) = 215*p